emainder when q is divided by b.
1
Calculate the remainder when (-4)/8 + (-82)/(-4) is divided by (-45)/5 + 3 - -12.
2
Suppose 5 = -q, -38 = -4*j + q + q. Suppose p + 2*c - 5 = 0, -4*c + 2 = -3*p + 7. Suppose p*t + 0*t - 9 = 0. Calculate the remainder when j is divided by t.
1
Let a(i) = 5*i + 3. Let z = 62 - 49. Calculate the remainder when a(z) is divided by 35.
33
Suppose 234 = 2*i - 0*i - 2*c, -347 = -3*i + 4*c. Let k = -109 + i. Calculate the remainder when k is divided by 4.
0
Let h(n) be the second derivative of -n**4/6 + n**3/6 + 119*n**2/2 + 10*n. Let m be h(0). Let z = m + -64. Calculate the remainder when z is divided by 29.
26
What is the remainder when 35 is divided by ((-2 + 3)*-1)/((-18)/342)?
16
Let w = 7 + 67. Let a = 153 - w. Calculate the remainder when a is divided by 21.
16
Let m(u) = -u**3 - 10*u**2 - 7*u + 13. Let x be (-56)/6 - 4/6. Calculate the remainder when m(x) is divided by 22.
17
Let t(h) = -24*h - 4. Let a(s) be the second derivative of 2*s**3/3 - 3*s**2/2 + 5*s. What is the remainder when t(-2) is divided by a(3)?
8
Suppose 30 = -4*o + i + 100, 2*o = 5*i + 26. Suppose -5*f - 3 = -o. Suppose -89 - 7 = -f*c. What is the remainder when c is divided by 7?
4
Let w(b) = -b**3 - 16*b**2 + 59*b + 46. Calculate the remainder when 6/((-19)/(-8) + -2) is divided by w(-19).
0
Let z(t) = -2 - 32*t - 2 + 1. Let o(i) = -4*i**3 + i**2 + 13*i - 14. Let y be o(1). Calculate the remainder when z(y) is divided by 32.
29
Let i(u) = 5*u**2 + u. Let p be i(-1). Suppose 77 = p*t - 39. What is the remainder when 53 is divided by t?
24
Let t(p) = -p**3 + 9*p**2 + 8*p + 16. Let d be t(11). Let l = -97 - d. Suppose -2*b = 10, -5*w + 62 = -2*b - 53. Calculate the remainder when l is divided by w.
20
Let w = -118 - -302. Calculate the remainder when w is divided by 6.
4
Let d = 1779 + -909. Suppose r = -5*r + d. Calculate the remainder when r is divided by 37.
34
Suppose -5*p + 8 + 7 = 0. Let w(z) = 3 + z + p + 5. Calculate the remainder when 22 is divided by w(-6).
2
Let y = 2616 + -2566. Calculate the remainder when 848 is divided by y.
48
Let a(x) = x**3 + x**2 + 65. Let d be 0/(-1)*(0 - 1). Suppose 63 + 3 = 3*p. Calculate the remainder when a(d) is divided by p.
21
Suppose -195 = d + 4*d. Let i be 1 + (-2 - (0 - d)). Let c = i + 61. Calculate the remainder when c is divided by 14.
7
Suppose 0*l - 81 = -l. Let d(j) = -j**2 + 43*j - 263. What is the remainder when l is divided by d(8)?
13
Let n = 1057 + -746. Calculate the remainder when n is divided by 79.
74
Suppose -36 = -0*m + 4*m. Calculate the remainder when (-51 - -26)/(1/(-1)) is divided by -39*((-6)/m)/(-2).
12
Let u = 71 + -51. Suppose 0 = 4*q - 2*q - u. Suppose -6*m = -q*m + 48. What is the remainder when m is divided by 7?
5
What is the remainder when 753*(5 + (-60)/9 + 2) is divided by 48?
11
Suppose -5*v + v + 470 = b, 4*v - 4*b - 460 = 0. Let d = v - -17. Calculate the remainder when d is divided by 34.
32
Suppose -51 = -7*y - 16. Calculate the remainder when 42 is divided by y.
2
Let m(g) = 3*g**2 - 9*g - 2. Let j = 47 + -43. What is the remainder when 59 is divided by m(j)?
9
Let j(w) = w**2 - 5*w + 7. Let q be j(3). Let u be (q - 0) + 0/9. What is the remainder when 58 is divided by (4 + u)/(2/6)?
13
Calculate the remainder when (18/(-21))/((-42)/4508) is divided by 48.
44
Let a(n) = 2*n**3 + 95*n**2 + 33*n - 33. Calculate the remainder when a(-47) is divided by 19.
17
Suppose -4*t = 3 - 11. Calculate the remainder when 7 is divided by t.
1
Let s(a) be the third derivative of 0 + 1/3*a**3 + 0*a + a**2 - 1/4*a**4 + 1/60*a**5. Calculate the remainder when s(8) is divided by 7.
4
Let f = 12 - 5. Let a(w) = -10 + 4*w**2 - 3*w**2 + w - 2*w**2 + f*w. Calculate the remainder when 11 is divided by a(4).
5
Calculate the remainder when 183 is divided by 6 + (0 + -92)*(-11)/22.
27
Let p = -70 + 101. Let l = -10 + p. Let z = 6 + l. What is the remainder when z is divided by 15?
12
Let y(s) = s**2 - 9. Let l = 14 + -14. Suppose l*f = 2*f + 16. Calculate the remainder when y(f) is divided by 28.
27
Suppose 3*c + 3*r - 300 = 0, 0 = 2*r - 5 - 1. What is the remainder when c is divided by 33?
31
Let m be (-3)/(9/6) - (-126 + 16). Let b = m - 41. What is the remainder when b is divided by 25?
17
Calculate the remainder when 570 is divided by ((-24)/(-16))/((-30)/(-280)).
10
Let y(a) = -14*a + 21. Let m be y(10). Let l = 132 + m. Calculate the remainder when 23 is divided by l.
10
Let i = 102 + -90. Let z be -1 - 1 - 85/(-5). Suppose z = 4*k - 5. What is the remainder when i is divided by k?
2
Suppose -2*l + 9 = -15. Let b(m) = m**3 - 2*m**2 - 5*m + 6. Let r be b(2). Let q = l + r. What is the remainder when 13 is divided by q?
5
Calculate the remainder when (-5)/((-690)/(-695) - (-2)/(-2)) is divided by 29.
28
Let s = -40 + 65. Let o = s + -4. Suppose -4*k = -5*x + 2*x + 20, 5*k - o = -2*x. Calculate the remainder when x is divided by 4.
0
Suppose 0 = f + y + y, -12 = -4*f - 2*y. Suppose s = -1, -s + f*s - 3 = -j. Calculate the remainder when j is divided by 3.
0
Suppose -25*q - 2860 + 10260 = 0. What is the remainder when q is divided by 23?
20
Let q(b) = 11*b - 77. Calculate the remainder when q(9) is divided by 5.
2
Suppose 57*u - 53*u + 87 = t, 2*t - u = 139. Calculate the remainder when 214 is divided by t.
13
Let c be 52*(3 + -4) - -4. Let w = c + 55. Calculate the remainder when 39 is divided by w.
4
Let y be 1 + 2 - (6 + -1). Calculate the remainder when y/((-5)/(1980/8)) is divided by 0 + 865/35 - (-4)/14.
24
Suppose 3*x + 400 - 1183 = 0. What is the remainder when x is divided by 53?
49
Let w(s) = 20*s + 8. Let p be w(9). Suppose p = 2*c - 0*c. Calculate the remainder when c is divided by 19.
18
Let q = 2091 - 1987. What is the remainder when q is divided by 5?
4
Suppose -260 = -12*w + 16. What is the remainder when 130 is divided by w?
15
Let i(b) = 5*b - 12. Let h(s) = -s**3 + 3*s**2 + 4*s + 4. Let g be h(4). Suppose 0 = g*j - 5 - 55. What is the remainder when i(11) is divided by j?
13
Let q(z) = -z**3 + 2*z**2 + 3*z - 2. Let d be q(3). Let x(u) = u**2 + 3. Calculate the remainder when (d - -68)/(2*1) is divided by x(3).
9
Let h = -17 - -119. Let a(j) = -j + 49. Calculate the remainder when h is divided by a(23).
24
Let k be 2 + 1 + (7 - 8). Suppose -k*i + 35 = -9. What is the remainder when i is divided by 12?
10
Let k(v) = 340*v**2 - 2. Let i be k(-1). Suppose -80 = 6*b - i. Let c = b - 22. What is the remainder when 41 is divided by c?
20
Let t(w) = -438*w + 29. Calculate the remainder when t(-1) is divided by 2.
1
Suppose 0 = -3*a - 0*a - 4*k + 25, -a - 2*k = -5. Let q(f) = -51*f - 1853. Calculate the remainder when q(-37) is divided by a.
4
Calculate the remainder when -1 - (-1346 - 42/7)*1 is divided by 11.
9
Suppose 12*j - 3062 + 998 = 0. What is the remainder when j is divided by 35?
32
Suppose 27 = 8*o - 5. Suppose g + o*g = 140. What is the remainder when g is divided by 10?
8
Let f(i) = -i**3 + 7*i**2 + 10*i + 7. Let b = -18 - -26. Let x be f(b). Let w = 33 - x. What is the remainder when 39 is divided by w?
9
Let t be 4/(2/(-1) - -3). Suppose t*j + 5*n = 411, -3*j - 2*j + 492 = -n. What is the remainder when j is divided by 25?
24
Suppose 9 = z - 13. Let c(w) = -w**3 + 10*w**2 + 5*w - 7. Let m = -10 - -20. What is the remainder when c(m) is divided by z?
21
Let l = 250 - 39. Calculate the remainder when l is divided by 72.
67
Let u be 0/(9 + -4 + -4). Let i = u - -2. Suppose -2*z = i*z - 12. Calculate the remainder when 8 is divided by z.
2
Suppose 4*q - n - 48 = 0, q - 3*n - 5 = 18. Let r(c) = 7*c - 4. What is the remainder when r(5) is divided by q?
9
Let b(g) = -g + 2. Suppose -5*k = 5*i - 156 + 46, -3*k + 36 = -2*i. What is the remainder when k is divided by b(-5)?
2
What is the remainder when (1*-1)/((-4)/948) is divided by 102/(12/(-21) + 425/119)?
33
Suppose -3*a = 3*c - 0*c, 4*a - 3*c - 7 = 0. Let j be 2/(-4) - (-19)/(-2). Calculate the remainder when 6/(-15)*j/4 is divided by a.
0
Suppose m - 49 + 13 = -5*n, 0 = -5*n + 25. Suppose 0 = 3*i + w - 22 - 127, -5*i - w + 251 = 0. What is the remainder when i is divided by m?
7
Let t = -42 - -75. Suppose -3*f = -0*f - t. Let w = -20 + 60. What is the remainder when w is divided by f?
7
Let v(u) = -u**2 - 18